
In base 13, what is -a - 600?
-60a
In base 16, what is -5 - 46?
-4b
In base 7, what is -21 + 4?
-14
In base 13, what is 679a - -2?
679c
In base 12, what is -3 - 9a4?
-9a7
In base 5, what is 1011 + -110?
401
In base 16, what is 12 - 7?
b
In base 9, what is -563 - -3?
-560
In base 16, what is -5 + -9e?
-a3
In base 16, what is 6b - -6?
71
In base 10, what is -1 + -444?
-445
In base 3, what is 2120211 - 2?
2120202
In base 14, what is 5 - 9a?
-95
In base 11, what is 26 - 4?
22
In base 2, what is -101100 - -101?
-100111
In base 6, what is 1 + 2005?
2010
In base 13, what is -907 - 5?
-90c
In base 14, what is 75 - 5?
70
In base 2, what is 10101000000 + 10?
10101000010
In base 13, what is -76 - 4?
-7a
In base 16, what is -1e4 + -b?
-1ef
In base 10, what is 2 - -30?
32
In base 8, what is -5 - -274?
267
In base 13, what is -4 - -274?
270
In base 13, what is -47 + -30?
-77
In base 5, what is 20 - 142?
-122
In base 10, what is -728 + -3?
-731
In base 7, what is -3 + -4?
-10
In base 8, what is 1 + 32?
33
In base 7, what is 61 + -2?
56
In base 14, what is -2975 + 4?
-2971
In base 2, what is 110 - 1001111010111?
-1001111010001
In base 6, what is 3 + -31?
-24
In base 3, what is -110 + -100000?
-100110
In base 14, what is -21 + -5?
-26
In base 2, what is 101 + 11101001111?
11101010100
In base 15, what is -14 - 83?
-97
In base 4, what is -211 - -100?
-111
In base 6, what is -150 + 123?
-23
In base 5, what is -4 + -400?
-404
In base 14, what is 5 - -505?
50a
In base 12, what is -4b + 6?
-45
In base 9, what is -535 - 4?
-540
In base 7, what is 165 + 6?
204
In base 12, what is a4a + 4?
a52
In base 10, what is 0 + 1458?
1458
In base 14, what is -4 + -863?
-867
In base 6, what is -1 + -4324?
-4325
In base 12, what is -1 - 42?
-43
In base 16, what is 2 + b?
d
In base 13, what is -187 - -3?
-184
In base 11, what is -242 + 4?
-239
In base 8, what is 3 + -3061?
-3056
In base 6, what is -1 + -21?
-22
In base 14, what is -3 + 0?
-3
In base 11, what is -2 + -39?
-40
In base 13, what is 1 - -36?
37
In base 16, what is 0 + 54?
54
In base 13, what is -13 + 1?
-12
In base 2, what is -111000001100 - 1?
-111000001101
In base 11, what is 11 - 6?
6
In base 6, what is 1 + 1?
2
In base 10, what is 21526 - -1?
21527
In base 2, what is -11110 - -11?
-11011
In base 12, what is -465 + 5?
-460
In base 14, what is 9 + -5c?
-53
In base 11, what is -2120 + 2?
-2119
In base 4, what is -1231 + 13?
-1212
In base 11, what is -15 + -37?
-51
In base 12, what is -24 - -15?
-b
In base 3, what is 1 - -2021?
2022
In base 3, what is -112 - 102020?
-102202
In base 15, what is -6 - 49?
-50
In base 4, what is -10210 - -10?
-10200
In base 3, what is -1002 + -101?
-1110
In base 12, what is b81 - 1?
b80
In base 15, what is 5 + 1dd?
1e3
In base 12, what is 30 + 277?
2a7
In base 5, what is 21 + -123?
-102
In base 10, what is -5 + 101?
96
In base 12, what is -4 + -681?
-685
In base 3, what is 1011 - 100?
211
In base 11, what is 3 - 13?
-10
In base 16, what is -5 - -b0e?
b09
In base 9, what is 0 - 83?
-83
In base 4, what is -2 + 1113?
1111
In base 12, what is -5 - -186?
181
In base 13, what is 24 - 21?
3
In base 7, what is 5 + 5136?
5144
In base 7, what is -51 - 4?
-55
In base 14, what is 0 + 1aa?
1aa
In base 2, what is 1100 + 110011?
111111
In base 16, what is 3 + 17?
1a
In base 5, what is -11203 - 1?
-11204
In base 11, what is -135 - -13?
-122
In base 15, what is -a26 + -5?
-a2b
In base 9, what is 48 + -5?
43
In base 10, what is -6 + 33?
27
In base 14, what is 29 - 82?
-57
In base 16, what is 11 + -5?
c
In base 6, what is -23351 + -5?
-23400
In base 12, what is 26 + -3?
23
In base 5, what is 13 + 230?
243
In base 10, what is 1044 - 1?
1043
In base 14, what is 82b + -2?
829
In base 16, what is 58 + 3?
5b
In base 15, what is -84 + -5?
-89
In base 13, what is 141 + 45?
186
In base 7, what is -1563 + -2?
-1565
In base 15, what is -4e2 - 1?
-4e3
In base 16, what is -2 + -66?
-68
In base 11, what is 186 + 74?
24a
In base 7, what is -21 - -32?
11
In base 7, what is 10216 - 5?
10211
In base 15, what is -d + -13?
-21
In base 13, what is -1 + 2551?
2550
In base 9, what is 14 + -1132?
-1117
In base 12, what is -3 - -492?
48b
In base 4, what is -10 - -1330?
1320
In base 12, what is -1 + -130?
-131
In base 6, what is -1054 + -4?
-1102
In base 16, what is 87 + 15?
9c
In base 13, what is 20 - -4?
24
In base 15, what is -1880 - 0?
-1880
In base 11, what is -1970 + 9?
-1962
In base 9, what is -50 + -3?
-53
In base 16, what is -45 - b0?
-f5
In base 9, what is 2 - -7?
10
In base 14, what is -3 - -23?
20
In base 9, what is 3 - -5322?
5325
In base 6, what is -153300 + 1?
-153255
In base 9, what is -234 + 3?
-231
In base 14, what is 148 - -4?
14c
In base 2, what is 100 - -111000?
111100
In base 2, what is 1000010001 + -101?
1000001100
In base 5, what is 12 + -243?
-231
In base 10, what is -5 + -14?
-19
In base 11, what is -2 - 1a?
-21
In base 12, what is -3 - 15?
-18
In base 12, what is -2 + 242?
240
In base 15, what is 65 - 2?
63
In base 6, what is -215531 - 4?
-215535
In base 2, what is 11011010111 + -101?
11011010010
In base 10, what is -7 - -7?
0
In base 9, what is -546 + 1?
-545
In base 12, what is 7 + 986?
991
In base 9, what is 30 - -1?
31
In base 12, what is -5 + -954?
-959
In base 16, what is 2 - 1f6?
-1f4
In base 9, what is 2 + -380?
-377
In base 10, what is 514 + 8?
522
In base 4, what is 222321 + 0?
222321
In base 16, what is -2 - fc?
-fe
In base 5, what is 1 + 0?
1
In base 5, what is -1443 + 4?
-1434
In base 7, what is -232 + 3?
-226
In base 8, what is -4 + 7?
3
In base 12, what is 1 + -10?
-b
In base 6, what is 11 + -2031?
-2020
In base 13, what is 0 - -2c8?
2c8
In base 14, what is 12 + -28?
-16
In base 8, what is 4 + 260?
264
In base 3, what is 2 + 100212?
100221
In base 10, what is -206 - 5?
-211
In base 7, what is -1 + 41?
40
In base 10, what is -77 + -3?
-80
In base 5, what is -2404 - 3?
-2412
In base 10, what is 5 + 33?
38
In base 13, what is -2 - 23?
-25
In base 3, what is -11101 - 120?
-11221
In base 12, what is 0 + 2?
2
In base 5, what is 1 - -1243?
1244
In base 2, what is 1 - 110011111?
-110011110
In base 13, what is -7bb + -2?
-7c0
In base 15, what is c7 + 43?
11a
In base 8, what is 4 + -477?
-473
In base 3, what is 222 - 120?
102
In base 15, what is 4 - -9?
d
In base 16, what is 9a - -a?
a4
In base 16, what is 1 - -309?
30a
In base 7, what is -15366 + 3?
-15363
In base 11, what is 1a - -10a?
129
In base 5, what is 3 + -10240?
-10232
In base 10, what is 4 + -127?
-123
In base 6, what is 1 - 24125?
-24124
In base 12, what is 32 - 6?
28
In base 13, what is 22 - -11c?
141
In base 12, what is 17 + 7?
22
In base 13, what is 9a - -10?
aa
In base 12, what is 2 - 1a3?
-1a1
In base 10, what is -491 + 4?
-487
In base 9, what is 422 - -2?
424
In base 14, what is 3 + -94?
-91
In base 9, what is -7505 + -1?
-7506
In base 11, what is -5 - 32?
-37
In base 16, what is 107 + -4?
103
In base 9, what is 26 - 6?
20
In base 11, what is -42 - -35?
-8
In base 15, what is -8 - -67?
5e
In base 11, what is 145 + -11?
134
In base 13, what is -369 + -4?
-370
In base 16, what is 5 + fc?
101
In base 7, what is -314 - 10?
-324
In base 10, what is -64 + -7?
-71
In base 9, what is 23 - -233?
256
In base 4, what is -13321 + -1?
-13322
In base 6, what is -3 + 10200?
10153
In base 6, what is 1 - 43?
-42
In base 8, what is -2451 + -14?
-2465
In base 2, what is 1 - 1010?
-1001
In base 9, what is 107 - -3?
111
In base 8, what is 134 - -1?
135
In base 2, what is -10 - 1100000111?
-1100001001
In base 9, what is -28 - -18?
-10
In base 3, what is -22120 - 10?
-22200
In base 16, what is -2 + -780?
-782
In base 7, what is 5 + 131?
136
In base 12, what is -5 + 15?
10
In base 2, what is 10111111010 + -1?
10111111001
In base 9, what is 376 + 15?
402
In base 5, what is 1 + -1111?
-1110
In base 10, what is 442 + -1?
441
In base 8, what is 735 - -1?
736
In base 14, what is 1 + c?
d
In base 8, what is -2 - 365?
-367
In base 3, what is -1 + 10?
2
In base 9, what is -531 + -3?
-534
In base 4, what is -3232 - -11?
-3221
In base 4, what is -1021320 - -11?
-1021303
In base 4, what is 11 + 2210?
2221
In base 12, what is -42 - -b?
-33
In base 8, what is -4 - 422?
-426
In base 3, what is -10211220 + 1?
-10211212
In base 8, what is -407 + -6?
-415
In base 3, wha